 5*d + 4*i = 16, 5*d - i + 4 = 0. Let c(q) = 23 - 18 + d*q + q. Calculate c(-5).
0
Let q = 163 - 99. Let a = q + -68. Let h(n) = -2*n**2 - 5*n + 2. What is h(a)?
-10
Let q be (-13)/((-39)/(-12)) + 1 + -2. Let m(g) = g**3 + 6*g**2 + 3*g - 8. What is m(q)?
2
Let a(i) = i**3 - 14*i**2 - 18*i + 20. Let l = 3604 + -3589. What is a(l)?
-25
Let p = 3416 + -10247/3. Let o(b) be the second derivative of p*b**3 + 13*b + 0 - 1/6*b**4 + 3/2*b**2 - 1/10*b**5. Calculate o(-2).
7
Let q = -21 + 22. Suppose 6 = 3*u - 2*h - 73, -4*h = 4*u - 72. Let t(c) = -9*c**2 + q - 10*c**2 + u*c**2 + c**3. Determine t(-4).
1
Suppose -19*z + 7*z = -60. Suppose -5*h = -5*m - 95, h - 53 = -2*h + z*m. Let c be (h/5)/(-7) - 74/10. Let g(x) = x**3 + 7*x**2 - 10*x - 5. Calculate g(c).
11
Let d = 4121 + -4116. Let s(o) = 6*o - 15. What is s(d)?
15
Suppose p = o, -6*o + 3*p - 2 = -4*o. Let u(n) = -3*n**2 - 9*n - 3*n**3 + 4*n**3 + 12*n + 4 - o*n**2. What is u(4)?
0
Let p(h) = 2*h + 414. Let g(d) = -2*d - 382. Let k(j) = 13*g(j) + 12*p(j). Let o be (9 - 2)*(1 - 0). Calculate k(o).
-12
Let a(z) = 35*z**2 - 4*z + 10. Let c(n) = 61*n**2 - 9*n + 19. Let h(j) = 7*a(j) - 4*c(j). Calculate h(-9).
3
Let a(d) = d**2 + 5*d - 7. Let n be a(-6). Let m(v) be the third derivative of 0*v - 1/24*v**4 + 0*v**3 + 1/60*v**5 + 0 - 22*v**2. Give m(n).
2
Let t(p) be the second derivative of -p**6/720 - p**5/60 - 17*p**4/12 - p**2/2 - 90*p. Let z(v) be the third derivative of t(v). Let b = -3 - 0. Determine z(b).
1
Let f = 18241 - 18220. Let c(j) = j**3 - 23*j**2 + 45*j - 29. Give c(f).
34
Let m(n) = -9*n**2 - 128*n + 7. Let h(z) = 13*z. Let o(d) = 10*h(d) + m(d). What is o(-3)?
-80
Let f(s) = -s - 3. Let d = 104 + -85. Suppose 2*q = -2*o + 17 + 1, 0 = 2*o + 5*q - 15. Suppose g = -d + o. Calculate f(g).
6
Let v(o) = o**2 - 8*o - 38. Let h(r) = 3*r**2 - 24*r - 107. Let i(k) = -6*h(k) + 17*v(k). Let s(q) = -q**2 + 6*q - 4. Let a be s(6). Let n = a - -11. Give i(n).
3
Let l(r) = r**2 + 17*r + 85. Let d(x) = x**2 + 19*x + 86. Let v(s) = 4*d(s) - 5*l(s). Let m(j) be the first derivative of v(j). Determine m(-6).
3
Let c(t) be the first derivative of -t**3/3 + 83*t**2/2 + 351*t - 1164. Calculate c(-4).
3
Let z(w) = -w**3 + 8*w**2 - 7*w - 1. Let q(b) = 2*b + 29. Let u be q(-11). Let c be z(u). Let r be (0/(-2))/(c + 2) + 5. Let o(t) = -2*t + 6. Give o(r).
-4
Let j be ((-10)/4)/(-5)*6. Let l be (18/10)/(j/15). Let o(u) be the third derivative of -u**5/60 + 5*u**4/12 - u**3 + 14139*u**2. Determine o(l).
3
Suppose 0 = -5*t + 2*b + 103, 3*t - 5*b = -7*b + 65. Let o(m) = 2*m + 10 + 14 - t - 3*m. Calculate o(2).
1
Let y(c) be the second derivative of -c**3/3 - 27*c**2/2 + 518*c - 5. Calculate y(7).
-41
Let j be (11 - 14) + 4*1. Let q(t) = 9*t + 6. Give q(j).
15
Let r be (2/9)/((-1440)/(-1080)). Let b(s) be the second derivative of -r*s**3 + 0 - 5/2*s**2 - 5*s. Determine b(-5).
0
Let i(u) = -4 + 2*u + 9 - u - 2*u. Let s = 100289 + -100293. Give i(s).
9
Let v(g) = 5*g + 3. Suppose -2*o + o - 4 = 0. Let a(t) = -t + 1. Let k(j) = o*a(j) - v(j). Let x(z) = z**2 + 12*z. Let y be x(-12). Determine k(y).
-7
Let d(n) = n**3 - 8*n**2 + 9*n + 6. Let z(m) = -m**3 + 7*m**2 - 9*m - 5. Let i(q) = 4*d(q) + 3*z(q). Let s be (-4)/32*2*-40. What is i(s)?
-1
Let s(r) be the second derivative of 1/3*r**3 - 6*r**2 - 2 + 53*r. What is s(5)?
-2
Let c(p) be the second derivative of -p**5/20 - p**4/3 + p**3/3 + 3*p**2/2 - 332*p. Let h = 14 - 16. Determine c(h).
-9
Suppose -20 = -v - 5*g, 5*g - 2 = 18. Let w(d) = d**3 + 2*d**2 + v*d - 3*d + 0 + 1. Suppose 0 = -9*p + 7*p - 6. Give w(p).
1
Let d(y) = -2*y + 11. Let o(z) be the second derivative of -z**5/20 + 2*z**4/3 - 10*z**3/3 + 17*z**2/2 - 115*z. Let l be o(5). What is d(l)?
27
Suppose -4*p + 4 = -4*b, 0*b - 2*b = -4. Let d(l) = -334*l**2 - l**p - 4*l + 3 + 327*l**2 - 3*l. Let o(w) = -2*w - 2. Let v be o(2). Calculate d(v).
9
Suppose -c + 2*s = -3, -3*c = -0*c - 3*s + 3. Let o(b) = -b + 5. Let p(u) = 1. Let v be 1/(-1 - (-1 - -1)). Let g(x) = v*o(x) + 3*p(x). Determine g(c).
-7
Let h(x) = -51*x + 1. Let u be h(3). Let g(y) = -21*y + 355. Let q be g(17). Let c be q/(-5) + u/(-20). Let k(m) = m - 2. Calculate k(c).
6
Let d(t) be the second derivative of t**5/20 + 37*t**4/12 - 6*t**3 + 44*t**2 - 3495*t. What is d(-38)?
12
Let l(f) = 19*f - 91. Suppose -9*s + 15*s - 30 = s. Calculate l(s).
23
Let y(q) = -10*q - 1. Let k(h) be the third derivative of -13*h**4/24 - h**3/3 - 144*h**2. Let x(c) = -3*k(c) + 4*y(c). What is x(-6)?
8
Let d(z) be the second derivative of -2*z**3/3 + 9*z**2/2 - 3*z - 1390. Calculate d(19).
-67
Let h(m) = 2*m**2 + 80*m - 8. Let l(i) = i**2 + 41*i - 4. Let a(d) = 3*h(d) - 5*l(d). Give a(-35).
-4
Let v = 6886 + -6880. Let a(g) = 47*g - 277. Determine a(v).
5
Suppose -4*p - 18 = 5*g - 74, 2*g - 8 = 0. Let b(j) be the third derivative of 1/6*j**3 - 1/3*j**4 + 0 + 0*j + p*j**2. What is b(1)?
-7
Let i(y) = 412*y**2 - 415*y**2 - 3*y + 6 - y. Calculate i(4).
-58
Let l(v) be the second derivative of 1/2*v**2 - 1/4*v**4 + 1/6*v**3 - 1/20*v**5 + 29*v + 1. Let q = 3 + -5. Calculate l(q).
-5
Let u(h) = -19*h**2 - h + 4. Suppose 14*y + 43*y - 236 = -61*y. What is u(y)?
-74
Suppose -g + 64 = 4*i - 3*g, -i = -4*g - 2. Let c = i + -16. Let h(w) = -2*w**2 - 3 + 3*w**c + 0 + 1 - 2*w. Give h(6).
22
Let d(j) = 0*j - 7*j - 226 + 226. Suppose 8*f = -3*f + 22. Give d(f).
-14
Let p(y) = -3 - y + 8 + 2. Suppose -3*j + 16 = -z + 28, -z + j + 6 = 0. Suppose 9 = -4*m - 5*w + 4, 20 = z*m - w. Calculate p(m).
2
Suppose -2*u = u. Let f = -61 + 75. Let n(d) = -35 + f + 14 - 6*d + 7*d + 9. Calculate n(u).
2
Suppose 5*x = 4*x + 2*f - 18, f = -4*x. Let h(z) = -6*z**3 - 2*z**2 - 3*z - 4. Calculate h(x).
42
Let o(l) = 3 - 4*l + 2*l**2 + 5*l**2 - 5*l**2. Let u(c) = 2*c**2 + 8*c - 7. Let d be u(1). Let s be 2/(-4) - -21*d/18. What is o(s)?
9
Let z(x) be the third derivative of x**5/60 - 7*x**4/24 + 19*x**3/6 + 233*x**2. Determine z(5).
9
Let b(u) = -47*u - 20. Let p(n) = -n**2 - n + 5. Let z(g) = -b(g) + 2*p(g). Determine z(23).
7
Let v(f) = -1019*f**2 - 7*f - 992*f**2 - 9 + 2013*f**2. What is v(-4)?
51
Let v(f) = 8*f + 18. Suppose 58*l + 21*l = 0. What is v(l)?
18
Let t(s) be the second derivative of -59*s**3/6 - 771*s**2/2 + 74*s + 10. What is t(-13)?
-4
Let t(j) = -27*j**2 - j + 1. Let l(h) = 9*h + 10*h + 16 + 0*h**2 - h**2 + 17*h - 34*h. Let d be l(5). Calculate t(d).
-27
Let z(i) = i**3 - 4*i**2 + 5*i - 4. Suppose -18 = 5*w - h, -h + 3 = -3*w - 9. Let r(o) = -2*o**2 - 12*o - 15. Let d be r(w). Give z(d).
2
Let g(q) = -q**3 - 16*q**2 - 16*q + 164. Let z be g(-14). Let m(f) = 5*f + 25. What is m(z)?
5
Suppose 2*g = 7*g - 25. Let f(v) = -42*v - 16. Let p(o) = -o**3 + 2*o**2 + 87*o + 36. Let q(j) = -2*f(j) - p(j). What is q(g)?
56
Suppose -20*u = -37 - 23. Let s(i) = 2*i**3 - 4*i**2 - 2*i + 8. Give s(u).
20
Let x(y) = y**2 + y - 7. Let i(d) be the first derivative of -d**3/3 - 11*d**2/2 + 75*d + 157. Let a be i(-16). Calculate x(a).
13
Let o(p) be the second derivative of p**4/6 - 25*p**3/3 - 31*p**2 + p + 305. Calculate o(26).
-10
Let h(b) be the first derivative of b**4/4 + 5*b**3/3 + 2*b**2 + 2*b - 335. Let u = -11 - -19. Let l = 4 - u. What is h(l)?
2
Let w(a) = -a**3 + 5*a**2 - 2*a - 3. Let b(s) = -s**2 - 14*s - 11. Let c be b(-11). Let o = c - 4. Let h be (-14)/(-6) - (-12)/o. Calculate w(h).
9
Suppose -8*a = -11*a + 9. Let j(v) = -2*v + 2 - 2*v + a*v - 3. Suppose -16 = 5*w - 21. Give j(w).
-2
Let k(t) = t. Suppose -46 = 10*o - 11*o. Suppose 4*b = o + 74. Suppose -5*w - b = -10*w. Give k(w).
6
Let w(u) = 9 - 2*u**2 + 4*u - 30 + 12 - u**3 - u**3 + 7. What is w(2)?
-18
Let v(h) = 5*h - 4. Suppose -8*u = -4*u + 20. Let n(y) = y**2 + 3*y + 2. Let d be n(-10). Let m be (3 - d/20)*u. Give v(m).
11
Let m(b) = -5*b**3 - 20*b**2 + 26*b - 46. Let w(p) = 4*p**3 + 21*p**2 - 26*p + 44. Let q(f) = -5*m(f) - 6*w(f). Determine q(25).
-9
Suppose 4*d - 8 = 0, -3*j - 16*d + 20*d + 16 = 0. Let v(p) = -6*p + 42. Determine v(j).
-6
Suppose -5*o - 1 + 11 = 0. Let z(b) = 1 + 1 + o*b - b. Suppose 3429 = 4*g + 3441. Determine z(g).
-1
Suppose 0 = o - 3*o + 2*n + 20, 0 = 5*o + n - 38. Let d(l) = 9 - 6 - l**2 + 11 + 8 - 14 + 6*l. Give d(o).
-8
Let k(f) = 2*f**2 + 16*f + 1. Let m(l) = l**2 + 6*l + 1. Let c(g) = k(g) - 3*m(g). Let x